Suppose 2*d - 15 = -d. Suppose d*o + 40 = 7*o. Suppose -o = -5*a - 0. List the prime factors of a.
2
Suppose 3*b = -2*b. Suppose 7*n - 10*n + 162 = b. List the prime factors of n.
2, 3
Let f = 28 - -38. Let n = 385 + -383. Suppose 0*w + f = n*w. List the prime factors of w.
3, 11
Let s = 288 + -155. Suppose -7*t = -0*t - s. List the prime factors of t.
19
Suppose j + 438 = 4*j + 3*g, 4*j = -5*g + 586. Let m = 239 - j. List the prime factors of m.
5, 19
Let c = 34 - 29. Let h(y) = 2*y - 10 + 21 - 3*y. List the prime factors of h(c).
2, 3
Let a = 26 - 13. Let k(t) = 12*t + 29. List the prime factors of k(a).
5, 37
Suppose -40 = 4*x + x. Let p(o) be the third derivative of -o**6/120 - 3*o**5/20 - o**4/2 - 3*o**3/2 - 25*o**2. List the prime factors of p(x).
23
Suppose 0 = -4*g - 5*t + 21, 0*t = 3*t - 15. Let n be 1 + 1*99*g. Let c = -57 - n. What are the prime factors of c?
41
Suppose -17*r = -13*r - 20. Suppose -r*a + 210 = -240. What are the prime factors of a?
2, 3, 5
Let z(y) = -y + 13. Let m be z(11). Suppose -m*t - 10*t = -1524. List the prime factors of t.
127
Suppose 0 = -5*i + p + 4331, -8*i + 6*i + 4*p = -1736. What are the prime factors of i?
2, 433
Suppose 2*n + 49 + 26 = -3*m, -4*n = 12. Let c = 24 + -44. Let q = c - m. What are the prime factors of q?
3
Suppose 18*q - 857 - 12823 = 0. List the prime factors of q.
2, 5, 19
Suppose 4*k - 40 = p, 2*p + 49 = 5*k + p. Let r = 28 + k. List the prime factors of r.
37
Let w(k) = -4*k - 16. Let r be w(-10). Suppose 3*h = z - r, 4*z - 5*h - 4 = 106. What are the prime factors of z?
2, 3, 5
Let h = -5 + 7. Let d be (h + 20/(-8))*-6. Suppose -3*b - d*x = -9 - 63, -5*x - 24 = -b. What are the prime factors of b?
2, 3
Let c = -298 + 671. List the prime factors of c.
373
Let p(r) = -13*r + 269. What are the prime factors of p(0)?
269
Let z(d) = -48*d**3 + 5*d**2 + 10*d + 26. List the prime factors of z(-4).
2, 3, 523
Let z(t) = -129*t**3 - 4*t**2 - 6*t - 2. List the prime factors of z(-1).
3, 43
Suppose -2218 = -4*i + 4142. What are the prime factors of i?
2, 3, 5, 53
Let r(o) = 143*o - 264. What are the prime factors of r(8)?
2, 5, 11
Let j be (0 - (-5)/3)/((-2)/(-1110)). Suppose 0 = -c + 6*c - j. What are the prime factors of c?
5, 37
Suppose 23*y - 24*y + 4 = 0. List the prime factors of 6/y*252/27.
2, 7
Let g = 13 + -10. Suppose -s - 28 = -g. Let d = 42 + s. What are the prime factors of d?
17
Suppose -13*p + 237 = 1888. Let t = 239 + p. What are the prime factors of t?
2, 7
Let a(c) = -c**3 - 4*c**2 - c. Let n be a(-4). Let t be 1*-26 + (5 - n). Let q = t - -46. List the prime factors of q.
3, 7
List the prime factors of -19 - -14 - (-11)/((-11)/(-2148)).
2143
Let l(t) = -4 + 5 - 8*t + 11*t - 2*t. Let c(m) = 4*m - 1. Let w(a) = -c(a) + 2*l(a). List the prime factors of w(-9).
3, 7
Let x = -134 + 148. List the prime factors of x.
2, 7
Let k = 26 - 14. Suppose 5*o - 4*o = k. List the prime factors of o.
2, 3
Suppose 4*q - 323 = -5*b + 148, -2*q - 477 = -5*b. Let x = 7 + b. List the prime factors of x.
2, 3, 17
Suppose 14*b = 16*b + 4*c - 1512, -3*b - c + 2243 = 0. What are the prime factors of b?
2, 373
Let n be -4 + 6 + -3 + 8. Let r(b) = 2*b**2 + 3*b - 15. What are the prime factors of r(n)?
2, 13
Suppose 5*y - 5*w - 45 = 0, -4*w - 7 = -2*y + 17. Let m(q) = 12*q**3 + 2*q**3 + 4*q - 8*q**3 - 5*q**3 - 6*q**2 + 4. List the prime factors of m(y).
2, 7
Let f(j) = 6*j - 1. Let b be f(1). Suppose 4*c = -4*z + 324, 2*c - 7*c = -b*z + 425. What are the prime factors of z?
83
Suppose -3*d + 6 = -57. Let b = d - 25. Let t = 6 - b. What are the prime factors of t?
2, 5
Let f be 1*(-2)/((-4)/6). Suppose 15 + 7 = f*u - 2*x, -u - 21 = 5*x. Suppose -5*v + 47 = 5*k - 3*k, 5*k = u*v + 134. List the prime factors of k.
2, 13
Let u = -1388 + 5468. List the prime factors of u.
2, 3, 5, 17
Let d(a) = a**3 - 6*a**2 - 9*a + 10. Let n(o) = -o**2 + 1. Let i(p) = d(p) - n(p). Let m be i(6). What are the prime factors of 2/m - (-76)/18?
2
Let t(o) = 34*o**2 + 4*o - 13. What are the prime factors of t(3)?
5, 61
Let d(u) = 22*u**2 + 70*u + 25. What are the prime factors of d(-9)?
11, 107
What are the prime factors of (-90)/((-8*6/(-96))/(-23))?
2, 3, 5, 23
Suppose 0 = -3*j - 0*j + 630. Suppose -6*y + j + 1416 = 0. What are the prime factors of y?
271
Let f(u) = 18*u**3 - 2*u**2 + 7*u - 5. What are the prime factors of f(4)?
3, 127
Let i = -18 - -22. List the prime factors of (2/i - 3)*-2.
5
Let k(u) = 3*u + 11. Let g be k(-5). List the prime factors of (144 - 0) + 2 + g - 0.
2, 71
Let w(z) = 195*z - 367. What are the prime factors of w(29)?
2, 661
Let j(x) = 35*x**2 - 3*x + 1. What are the prime factors of j(-1)?
3, 13
Let h(c) = -c**3 - 15*c**2 + 35*c - 19. Let l be h(-17). What are the prime factors of (2/(-6) + 249/l)*-4?
29
Suppose -185*r = -183*r - 3590. What are the prime factors of r?
5, 359
Let l(q) = q**2 - 21. Let u be l(-5). Suppose u*k = 3*h + 519, 2*k + h + 93 = 360. List the prime factors of k.
2, 3, 11
Suppose 0 = 11*x - 4743 - 3540. List the prime factors of x.
3, 251
Let u(z) = -275*z + 190. List the prime factors of u(-8).
2, 5, 239
Let i(j) = -116*j - 5. Let s be i(-2). Let o = -97 + s. Suppose -a = 2*a + c - 70, o = 5*a + 5*c. List the prime factors of a.
2, 11
List the prime factors of 90/(-45) - 3/((-6)/1336).
2, 3, 37
Let r(n) = 9*n + 12. Let b(c) be the first derivative of -5*c**2/2 - 6*c - 2. Let w(d) = -11*b(d) - 6*r(d). What are the prime factors of w(10)?
2
Let v(m) = -m**2 - 4*m - 2*m - 9*m + 0*m + 8. List the prime factors of v(-10).
2, 29
Suppose 5*d = -r + 1310, -1314 = -11*r + 10*r - d. What are the prime factors of r?
5, 263
Suppose -8 = 4*v, 2*v = 5*l - 3*v + 90. What are the prime factors of 847/4 + -3 - 5/l?
11, 19
Let a(m) = -m - 2*m + 2*m + 0*m + 9. Let t be a(5). Suppose g + j = -g + 48, -8 = -t*j. What are the prime factors of g?
23
Let a(y) = y**2 - 2*y + 2. Let k be a(3). Suppose k*q - 11 = w, 4*w - 5 = -2*q + 17. What are the prime factors of -2*(-15)/2 - q?
2, 3
Let j(b) be the first derivative of b**3 - 10*b**2 - 11*b + 9. List the prime factors of j(10).
89
Let y = 155 - 152. Suppose -2*g - 25 = 3*g. Let u = y - g. What are the prime factors of u?
2
List the prime factors of ((-2)/4 - (-25)/50) + 705.
3, 5, 47
Let k(t) = 2*t + 9. Let w be k(-3). Suppose 3*f - 4*o = 333, -3*f + w*o - 35 = -368. List the prime factors of f.
3, 37
Let g(c) = c**3 + 2. Suppose -f - f + 8 = 3*a, -2*a + 2 = -2*f. Let x = a - 0. What are the prime factors of g(x)?
2, 5
Suppose -5 = -z - 3. Suppose -w + 27 + 0 = 5*s, -z*w = -s - 10. What are the prime factors of w?
7
Let c(a) = a**2 + 5*a - 2. Let j be c(-6). Suppose -3*t = j*u - 19 - 11, -3*t + 30 = 3*u. List the prime factors of t.
2, 5
Let h = 1 - -2. Let x = 7 - h. Suppose 0*n = -x*n - 2*w + 62, -3*w = 4*n - 67. What are the prime factors of n?
13
Let z(p) = 45*p - 11. Let c be z(-6). Let s = c - -442. Let k = s + -102. List the prime factors of k.
59
Let u(r) = -3*r + r + 0*r**2 + r**2. Let f be u(-1). List the prime factors of 24/16*68/f.
2, 17
Suppose -5*r + 108 = -17. Suppose -r = 5*w - 10*w. Suppose -w*o = -93 - 2. What are the prime factors of o?
19
Suppose -5*i + 4*m - 41 = 0, -i + 4*m - 31 = 2*i. Let p be 3 + i + 3 + 1. List the prime factors of (p/(-1))/((-4)/76).
2, 19
What are the prime factors of 12/42 + ((-8410)/(-14) - -1)?
2, 7, 43
Let m(d) = 5*d + 16. What are the prime factors of m(3)?
31
Suppose -3*t = 4*f + 39, -3*f - 2*t - 3*t = 32. Let o be (-3)/(-2)*12/f. List the prime factors of o + (-4 - -3) + 32.
29
Let k be 8/(-16) - 330/(-4). Suppose -37 = -b + 2*h, h - k + 33 = -2*b. List the prime factors of b.
3
Suppose 0 = 3*h - 6*h, 2*a + 2*h = 38. Suppose 0 = -m + 4*c + 7, -2*c = -4*m - 6*c + 8. Suppose a = m*u + 4. List the prime factors of u.
5
Suppose -8*g + 28*g - 71920 = 0. List the prime factors of g.
2, 29, 31
Suppose -4*y + 2064 = -32. List the prime factors of y.
2, 131
Suppose -3*q + 13 + 5 = 0. List the prime factors of -6*(-1)/(-2)*(-220)/q.
2, 5, 11
Suppose u = -3*a - 2*u + 894, -3*a = -4*u - 859. What are the prime factors of a?
293
Suppose -4*u + 2*u + 5*p = 20, u = 4*p - 16. Suppose -2*f + 143 + 221 = u. What are the prime factors of f?
2, 7, 13
Suppose -2*j + 2145 = -5*j. List the prime factors of (j/(-22))/(